{"id":436,"date":"2026-05-29T11:19:25","date_gmt":"2026-05-29T11:19:25","guid":{"rendered":"https:\/\/gabrielhern.com\/sobre-mi\/"},"modified":"2026-07-07T10:40:20","modified_gmt":"2026-07-07T10:40:20","slug":"sobre-mi","status":"publish","type":"page","link":"https:\/\/gabrielhern.com\/es\/sobre-mi\/","title":{"rendered":"Sobre m\u00ed"},"content":{"rendered":"<div class=\"et_pb_section_0 et_pb_section et_section_regular et_flex_section\">\n<div class=\"et_pb_row_0 et_pb_row et_flex_row\">\n<div class=\"et_pb_column_0 et_pb_column et_flex_column et_pb_css_mix_blend_mode_passthrough et_flex_column_3_5 et_flex_column_3_5_tablet et_flex_column_24_24_phone\">\n<div class=\"et_pb_text_0 et_pb_text et_pb_bg_layout_light et_pb_module et_flex_module\"><div class=\"et_pb_text_inner\"><p>Gabriel Hern\u00e1ndez (Islas Canarias, Espa\u00f1a) es arquitecto, comisario y acad\u00e9mico. Su trabajo y sus intereses giran en torno a sistemas de dise\u00f1o, la pr\u00e1ctica curatorial y la intersecci\u00f3n entre la arquitectura, el arte y el medio ambiente. Estudi\u00f3 en la ETSAM-UPM, Par\u00eds-La Villette, el Instituto Europeo de Dise\u00f1o y fue becario Fulbright en la Universidad de Yale y el MIT History, Theory and Criticism of Art and Architecture Group. Fue nombrado director fundador de los departamentos de Educaci\u00f3n e Investigaci\u00f3n de la Norman Foster Foundation, creando sus programas p\u00fablicos y educativos, iniciativas de investigaci\u00f3n y supervisando la creaci\u00f3n del archivo, publicaciones y exposiciones. Anteriormente, compagin\u00f3 su cargo de coordinador de Proyectos Art\u00edsticos en Ivorypress con la consultor\u00eda de dise\u00f1o y estudios de arquitectura en Canarias, Madrid y Par\u00eds. Su investigaci\u00f3n ha sido galardonada con las menciones Docomomo US NY\/Tristate Emerging Scholar y Research & Design Principles Scholar, mientras que su trabajo ha sido reconocido con el Premio de Dibujo del Museo Thyssen y la beca de Promoci\u00f3n Art\u00edstica del CAAM con el proyecto Anticicl\u00f3n Permanente.     <\/p>\n<p>Gabriel desempe\u00f1a actualmente los cargos acad\u00e9micos de Profesor Asociado de An\u00e1lisis en la ETSAM y de Imagen Digital en la IE University, as\u00ed como editor invitado en Scopio Network. Ha impartido conferencias o participado como miembro de jurados en diversas instituciones, como la Universidad de Oporto, el IAAC, la Architectural Association (AA), la Manchester University, Yale, MIT y el Real Colegio Complutense de Harvard. Ha presentado y presidido varias sesiones en congresos y simposios internacionales, como SAH, EAAE, NESAH, AMPS, Doc Talks y DP&P, entre otros. Sus art\u00edculos han sido publicados en CRAUP, Yale Constructs, RA-Revista de Arquitectura, Drawing Matter Journal y en las actas de la New European Bauhaus Conference, y ha desarrollado proyectos curatoriales para la North Gallery de Yale, el Hall de Direcci\u00f3n de la ETSAM-UPM y el Pabell\u00f3n de la NFF. Con el t\u00edtulo Mapping Design Systems, su investigaci\u00f3n doctoral en curso en el Programa de Doctorado transversal en Arquitectura y Urbanismo de la UPM cuenta con el apoyo de Fulbright Espa\u00f1a, la Fundaci\u00f3n Rafael del Pino y la Delegaci\u00f3n Norteam\u00e9rica de la UPM.    <\/p>\n<\/div><\/div>\n<\/div>\n\n<div class=\"et_pb_column_1 et_pb_column et-last-child et_flex_column et_pb_css_mix_blend_mode_passthrough et_flex_column_2_5 et_flex_column_2_5_tablet et_flex_column_24_24_phone\">\n<div class=\"et_pb_image_0 et_pb_image et_pb_module et_flex_module\"><span class=\"et_pb_image_wrap\"><img loading=\"lazy\" decoding=\"async\" src=\"https:\/\/gabrielhern.com\/wp-content\/uploads\/2026\/05\/GH-studio-rebalance-scaled.jpg\" alt=\"Gabriel Hern\u00e1ndez\" title=\"Gabriel Hern\u00e1ndez\" width=\"1508\" height=\"2560\" srcset=\"https:\/\/gabrielhern.com\/wp-content\/uploads\/2026\/05\/GH-studio-rebalance-scaled.jpg 1508w, https:\/\/gabrielhern.com\/wp-content\/uploads\/2026\/05\/GH-studio-rebalance-1280x2173.jpg 1280w, https:\/\/gabrielhern.com\/wp-content\/uploads\/2026\/05\/GH-studio-rebalance-980x1664.jpg 980w, https:\/\/gabrielhern.com\/wp-content\/uploads\/2026\/05\/GH-studio-rebalance-480x815.jpg 480w\" sizes=\"(min-width: 0px) and (max-width: 480px) 480px, (min-width: 481px) and (max-width: 980px) 980px, (min-width: 981px) and (max-width: 1280px) 1280px, (min-width: 1281px) 1508px, 100vw\" class=\"wp-image-281\" \/><\/span><\/div>\n<\/div>\n<\/div>\n<\/div>","protected":false},"excerpt":{"rendered":"","protected":false},"author":2,"featured_media":0,"parent":0,"menu_order":0,"comment_status":"closed","ping_status":"closed","template":"","meta":{"footnotes":""},"class_list":["post-436","page","type-page","status-publish","hentry"],"yoast_head":"<!-- This site is optimized with the Yoast SEO plugin v28.1 - https:\/\/yoast.com\/product\/yoast-seo-wordpress\/ -->\n<title>Gabriel Hern\u00e1ndez - Sobre m\u00ed<\/title>\n<meta name=\"robots\" content=\"index, follow, max-snippet:-1, max-image-preview:large, max-video-preview:-1\" \/>\n<link rel=\"canonical\" href=\"https:\/\/gabrielhern.com\/es\/sobre-mi\/\" \/>\n<meta property=\"og:locale\" content=\"es_ES\" \/>\n<meta property=\"og:type\" content=\"article\" \/>\n<meta property=\"og:title\" content=\"Gabriel Hern\u00e1ndez - Sobre m\u00ed\" \/>\n<meta property=\"og:url\" content=\"https:\/\/gabrielhern.com\/es\/sobre-mi\/\" \/>\n<meta property=\"og:site_name\" content=\"Gabriel Hern\u00e1ndez\" \/>\n<meta property=\"article:modified_time\" content=\"2026-07-07T10:40:20+00:00\" \/>\n<meta name=\"twitter:card\" content=\"summary_large_image\" \/>\n<script type=\"application\/ld+json\" class=\"yoast-schema-graph\">{\"@context\":\"https:\\\/\\\/schema.org\",\"@graph\":[{\"@type\":\"WebPage\",\"@id\":\"https:\\\/\\\/gabrielhern.com\\\/es\\\/sobre-mi\\\/\",\"url\":\"https:\\\/\\\/gabrielhern.com\\\/es\\\/sobre-mi\\\/\",\"name\":\"Gabriel Hern\u00e1ndez - Sobre m\u00ed\",\"isPartOf\":{\"@id\":\"https:\\\/\\\/gabrielhern.com\\\/es\\\/#website\"},\"datePublished\":\"2026-05-29T11:19:25+00:00\",\"dateModified\":\"2026-07-07T10:40:20+00:00\",\"breadcrumb\":{\"@id\":\"https:\\\/\\\/gabrielhern.com\\\/es\\\/sobre-mi\\\/#breadcrumb\"},\"inLanguage\":\"es\",\"potentialAction\":[{\"@type\":\"ReadAction\",\"target\":[\"https:\\\/\\\/gabrielhern.com\\\/es\\\/sobre-mi\\\/\"]}]},{\"@type\":\"BreadcrumbList\",\"@id\":\"https:\\\/\\\/gabrielhern.com\\\/es\\\/sobre-mi\\\/#breadcrumb\",\"itemListElement\":[{\"@type\":\"ListItem\",\"position\":1,\"name\":\"Portada\",\"item\":\"https:\\\/\\\/gabrielhern.com\\\/es\\\/\"},{\"@type\":\"ListItem\",\"position\":2,\"name\":\"Sobre m\u00ed\"}]},{\"@type\":\"WebSite\",\"@id\":\"https:\\\/\\\/gabrielhern.com\\\/es\\\/#website\",\"url\":\"https:\\\/\\\/gabrielhern.com\\\/es\\\/\",\"name\":\"Gabriel Hern\u00e1ndez\",\"description\":\"Architect - Arquitecto\",\"potentialAction\":[{\"@type\":\"SearchAction\",\"target\":{\"@type\":\"EntryPoint\",\"urlTemplate\":\"https:\\\/\\\/gabrielhern.com\\\/es\\\/?s={search_term_string}\"},\"query-input\":{\"@type\":\"PropertyValueSpecification\",\"valueRequired\":true,\"valueName\":\"search_term_string\"}}],\"inLanguage\":\"es\"}]}<\/script>\n<!-- \/ Yoast SEO plugin. -->","yoast_head_json":{"title":"Gabriel Hern\u00e1ndez - Sobre m\u00ed","robots":{"index":"index","follow":"follow","max-snippet":"max-snippet:-1","max-image-preview":"max-image-preview:large","max-video-preview":"max-video-preview:-1"},"canonical":"https:\/\/gabrielhern.com\/es\/sobre-mi\/","og_locale":"es_ES","og_type":"article","og_title":"Gabriel Hern\u00e1ndez - Sobre m\u00ed","og_url":"https:\/\/gabrielhern.com\/es\/sobre-mi\/","og_site_name":"Gabriel Hern\u00e1ndez","article_modified_time":"2026-07-07T10:40:20+00:00","twitter_card":"summary_large_image","schema":{"@context":"https:\/\/schema.org","@graph":[{"@type":"WebPage","@id":"https:\/\/gabrielhern.com\/es\/sobre-mi\/","url":"https:\/\/gabrielhern.com\/es\/sobre-mi\/","name":"Gabriel Hern\u00e1ndez - Sobre m\u00ed","isPartOf":{"@id":"https:\/\/gabrielhern.com\/es\/#website"},"datePublished":"2026-05-29T11:19:25+00:00","dateModified":"2026-07-07T10:40:20+00:00","breadcrumb":{"@id":"https:\/\/gabrielhern.com\/es\/sobre-mi\/#breadcrumb"},"inLanguage":"es","potentialAction":[{"@type":"ReadAction","target":["https:\/\/gabrielhern.com\/es\/sobre-mi\/"]}]},{"@type":"BreadcrumbList","@id":"https:\/\/gabrielhern.com\/es\/sobre-mi\/#breadcrumb","itemListElement":[{"@type":"ListItem","position":1,"name":"Portada","item":"https:\/\/gabrielhern.com\/es\/"},{"@type":"ListItem","position":2,"name":"Sobre m\u00ed"}]},{"@type":"WebSite","@id":"https:\/\/gabrielhern.com\/es\/#website","url":"https:\/\/gabrielhern.com\/es\/","name":"Gabriel Hern\u00e1ndez","description":"Architect - Arquitecto","potentialAction":[{"@type":"SearchAction","target":{"@type":"EntryPoint","urlTemplate":"https:\/\/gabrielhern.com\/es\/?s={search_term_string}"},"query-input":{"@type":"PropertyValueSpecification","valueRequired":true,"valueName":"search_term_string"}}],"inLanguage":"es"}]}},"_links":{"self":[{"href":"https:\/\/gabrielhern.com\/es\/wp-json\/wp\/v2\/pages\/436","targetHints":{"allow":["GET"]}}],"collection":[{"href":"https:\/\/gabrielhern.com\/es\/wp-json\/wp\/v2\/pages"}],"about":[{"href":"https:\/\/gabrielhern.com\/es\/wp-json\/wp\/v2\/types\/page"}],"author":[{"embeddable":true,"href":"https:\/\/gabrielhern.com\/es\/wp-json\/wp\/v2\/users\/2"}],"replies":[{"embeddable":true,"href":"https:\/\/gabrielhern.com\/es\/wp-json\/wp\/v2\/comments?post=436"}],"version-history":[{"count":2,"href":"https:\/\/gabrielhern.com\/es\/wp-json\/wp\/v2\/pages\/436\/revisions"}],"predecessor-version":[{"id":845,"href":"https:\/\/gabrielhern.com\/es\/wp-json\/wp\/v2\/pages\/436\/revisions\/845"}],"wp:attachment":[{"href":"https:\/\/gabrielhern.com\/es\/wp-json\/wp\/v2\/media?parent=436"}],"curies":[{"name":"wp","href":"https:\/\/api.w.org\/{rel}","templated":true}]}}

Sobre mí

<div class="et_pb_section_0 et_pb_section et_section_regular et_flex_section">
<div class="et_pb_row_0 et_pb_row et_flex_row">
<div class="et_pb_column_0 et_pb_column et_flex_column et_pb_css_mix_blend_mode_passthrough et_flex_column_3_5 et_flex_column_3_5_tablet et_flex_column_24_24_phone">
<div class="et_pb_text_0 et_pb_text et_pb_bg_layout_light et_pb_module et_flex_module"><div class="et_pb_text_inner"><p>Gabriel Hernández (Islas Canarias, España) es arquitecto, comisario y académico. Su trabajo y sus intereses giran en torno a sistemas de diseño, la práctica curatorial y la intersección entre la arquitectura, el arte y el medio ambiente. Estudió en la ETSAM-UPM, París-La Villette, el Instituto Europeo de Diseño y fue becario Fulbright en la Universidad de Yale y el MIT History, Theory and Criticism of Art and Architecture Group. Fue nombrado director fundador de los departamentos de Educación e Investigación de la Norman Foster Foundation, creando sus programas públicos y educativos, iniciativas de investigación y supervisando la creación del archivo, publicaciones y exposiciones. Anteriormente, compaginó su cargo de coordinador de Proyectos Artísticos en Ivorypress con la consultoría de diseño y estudios de arquitectura en Canarias, Madrid y París. Su investigación ha sido galardonada con las menciones Docomomo US NY/Tristate Emerging Scholar y Research & Design Principles Scholar, mientras que su trabajo ha sido reconocido con el Premio de Dibujo del Museo Thyssen y la beca de Promoción Artística del CAAM con el proyecto Anticiclón Permanente.     </p>
<p>Gabriel desempeña actualmente los cargos académicos de Profesor Asociado de Análisis en la ETSAM y de Imagen Digital en la IE University, así como editor invitado en Scopio Network. Ha impartido conferencias o participado como miembro de jurados en diversas instituciones, como la Universidad de Oporto, el IAAC, la Architectural Association (AA), la Manchester University, Yale, MIT y el Real Colegio Complutense de Harvard. Ha presentado y presidido varias sesiones en congresos y simposios internacionales, como SAH, EAAE, NESAH, AMPS, Doc Talks y DP&P, entre otros. Sus artículos han sido publicados en CRAUP, Yale Constructs, RA-Revista de Arquitectura, Drawing Matter Journal y en las actas de la New European Bauhaus Conference, y ha desarrollado proyectos curatoriales para la North Gallery de Yale, el Hall de Dirección de la ETSAM-UPM y el Pabellón de la NFF. Con el título Mapping Design Systems, su investigación doctoral en curso en el Programa de Doctorado transversal en Arquitectura y Urbanismo de la UPM cuenta con el apoyo de Fulbright España, la Fundación Rafael del Pino y la Delegación Norteamérica de la UPM.    </p>
</div></div>
</div>

<div class="et_pb_column_1 et_pb_column et-last-child et_flex_column et_pb_css_mix_blend_mode_passthrough et_flex_column_2_5 et_flex_column_2_5_tablet et_flex_column_24_24_phone">
<div class="et_pb_image_0 et_pb_image et_pb_module et_flex_module"><span class="et_pb_image_wrap"><img loading="lazy" decoding="async" src="https://gabrielhern.com/wp-content/uploads/2026/05/GH-studio-rebalance-scaled.jpg" alt="Gabriel Hernández" title="Gabriel Hernández" width="1508" height="2560" srcset="https://gabrielhern.com/wp-content/uploads/2026/05/GH-studio-rebalance-scaled.jpg 1508w, https://gabrielhern.com/wp-content/uploads/2026/05/GH-studio-rebalance-1280x2173.jpg 1280w, https://gabrielhern.com/wp-content/uploads/2026/05/GH-studio-rebalance-980x1664.jpg 980w, https://gabrielhern.com/wp-content/uploads/2026/05/GH-studio-rebalance-480x815.jpg 480w" sizes="(min-width: 0px) and (max-width: 480px) 480px, (min-width: 481px) and (max-width: 980px) 980px, (min-width: 981px) and (max-width: 1280px) 1280px, (min-width: 1281px) 1508px, 100vw" class="wp-image-281" /></span></div>
</div>
</div>
</div>

<!-- This site is optimized with the Yoast SEO plugin v28.1 - https://yoast.com/product/yoast-seo-wordpress/ -->
<title>Gabriel Hernández - Sobre mí</title>
<meta name="robots" content="index, follow, max-snippet:-1, max-image-preview:large, max-video-preview:-1" />
<link rel="canonical" href="https://gabrielhern.com/es/sobre-mi/" />
<meta property="og:locale" content="es_ES" />
<meta property="og:type" content="article" />
<meta property="og:title" content="Gabriel Hernández - Sobre mí" />
<meta property="og:url" content="https://gabrielhern.com/es/sobre-mi/" />
<meta property="og:site_name" content="Gabriel Hernández" />
<meta property="article:modified_time" content="2026-07-07T10:40:20+00:00" />
<meta name="twitter:card" content="summary_large_image" />
<script type="application/ld+json" class="yoast-schema-graph">{"@context":"https:\/\/schema.org","@graph":[{"@type":"WebPage","@id":"https:\/\/gabrielhern.com\/es\/sobre-mi\/","url":"https:\/\/gabrielhern.com\/es\/sobre-mi\/","name":"Gabriel Hernández - Sobre mí","isPartOf":{"@id":"https:\/\/gabrielhern.com\/es\/#website"},"datePublished":"2026-05-29T11:19:25+00:00","dateModified":"2026-07-07T10:40:20+00:00","breadcrumb":{"@id":"https:\/\/gabrielhern.com\/es\/sobre-mi\/#breadcrumb"},"inLanguage":"es","potentialAction":[{"@type":"ReadAction","target":["https:\/\/gabrielhern.com\/es\/sobre-mi\/"]}]},{"@type":"BreadcrumbList","@id":"https:\/\/gabrielhern.com\/es\/sobre-mi\/#breadcrumb","itemListElement":[{"@type":"ListItem","position":1,"name":"Portada","item":"https:\/\/gabrielhern.com\/es\/"},{"@type":"ListItem","position":2,"name":"Sobre mí"}]},{"@type":"WebSite","@id":"https:\/\/gabrielhern.com\/es\/#website","url":"https:\/\/gabrielhern.com\/es\/","name":"Gabriel Hernández","description":"Architect - Arquitecto","potentialAction":[{"@type":"SearchAction","target":{"@type":"EntryPoint","urlTemplate":"https:\/\/gabrielhern.com\/es\/?s={search_term_string}"},"query-input":{"@type":"PropertyValueSpecification","valueRequired":true,"valueName":"search_term_string"}}],"inLanguage":"es"}]}</script>
<!-- / Yoast SEO plugin. -->

Gabriel Hernández - Sobre mí

Gabriel Hernández
